e remainder when 8173000 is divided by 1362164.
16
Calculate the remainder when 11524 is divided by 10362.
1162
What is the remainder when 150195 is divided by 3770?
3165
What is the remainder when 185276 is divided by 30874?
32
Calculate the remainder when 1851531414 is divided by 56.
54
Calculate the remainder when 2618555 is divided by 63867.
8
Calculate the remainder when 147709 is divided by 16349.
568
Calculate the remainder when 7593234 is divided by 33.
0
Calculate the remainder when 27805203 is divided by 22.
19
What is the remainder when 3451208 is divided by 3835?
3543
Calculate the remainder when 50408 is divided by 1828.
1052
What is the remainder when 1937589 is divided by 173?
162
What is the remainder when 1531787 is divided by 69?
56
Calculate the remainder when 1193263 is divided by 49719.
7
What is the remainder when 964450 is divided by 646?
618
What is the remainder when 1567949 is divided by 1587?
1580
What is the remainder when 389363 is divided by 146?
127
Calculate the remainder when 34941 is divided by 211.
126
Calculate the remainder when 63088076 is divided by 13.
12
What is the remainder when 3575939 is divided by 78?
29
Calculate the remainder when 381636 is divided by 6357.
216
Calculate the remainder when 51387558 is divided by 78.
66
What is the remainder when 23084 is divided by 43?
36
Calculate the remainder when 2337019 is divided by 17183.
131
Calculate the remainder when 1215171 is divided by 40.
11
What is the remainder when 2766963 is divided by 311?
307
What is the remainder when 182941 is divided by 1386?
1375
What is the remainder when 1027028 is divided by 171128?
260
Calculate the remainder when 2698105 is divided by 90.
85
What is the remainder when 226533 is divided by 22577?
763
Calculate the remainder when 24905 is divided by 263.
183
What is the remainder when 141938301 is divided by 137?
136
Calculate the remainder when 348695376 is divided by 431.
429
Calculate the remainder when 739415 is divided by 492.
431
Calculate the remainder when 265926855 is divided by 41.
35
What is the remainder when 388940991 is divided by 621?
618
What is the remainder when 49388535 is divided by 99?
9
Calculate the remainder when 5117911 is divided by 1385.
336
Calculate the remainder when 2345552 is divided by 4970.
4682
Calculate the remainder when 19218376 is divided by 22399.
34
What is the remainder when 126865 is divided by 800?
465
Calculate the remainder when 61191084 is divided by 713.
711
Calculate the remainder when 368646 is divided by 366112.
2534
What is the remainder when 18930 is divided by 9345?
240
What is the remainder when 513816 is divided by 224?
184
What is the remainder when 328335 is divided by 45?
15
What is the remainder when 36126 is divided by 624?
558
Calculate the remainder when 39655223 is divided by 3965522.
3
What is the remainder when 85670596 is divided by 479?
9
Calculate the remainder when 57864 is divided by 86.
72
What is the remainder when 721960 is divided by 2111?
2109
What is the remainder when 123331 is divided by 39905?
3616
Calculate the remainder when 8455907 is divided by 2113976.
3
What is the remainder when 150463 is divided by 16293?
3826
Calculate the remainder when 3214478 is divided by 110842.
60
Calculate the remainder when 319575 is divided by 9397.
77
Calculate the remainder when 106545 is divided by 13285.
265
Calculate the remainder when 579403793 is divided by 144850945.
13
Calculate the remainder when 69655 is divided by 23184.
103
What is the remainder when 493903188 is divided by 8401?
8398
Calculate the remainder when 230171 is divided by 1197.
347
Calculate the remainder when 2143772 is divided by 45612.
8
What is the remainder when 2356285 is divided by 28735?
15
What is the remainder when 4587 is divided by 917?
2
What is the remainder when 13631587 is divided by 4543853?
28
Calculate the remainder when 717569 is divided by 358711.
147
Calculate the remainder when 341025 is divided by 13105.
295
What is the remainder when 31647890 is divided by 31647865?
25
Calculate the remainder when 492884 is divided by 3801.
2555
What is the remainder when 8838057 is divided by 113?
101
Calculate the remainder when 25040 is divided by 8095.
755
Calculate the remainder when 6009713 is divided by 6.
5
What is the remainder when 53529 is divided by 1673?
1666
What is the remainder when 4269273 is divided by 25?
23
Calculate the remainder when 1351077 is divided by 726.
717
Calculate the remainder when 2349230 is divided by 391533.
32
Calculate the remainder when 17081007 is divided by 817.
805
Calculate the remainder when 804237 is divided by 970.
107
What is the remainder when 233876 is divided by 840?
356
Calculate the remainder when 47396064 is divided by 1421.
30
Calculate the remainder when 2036575 is divided by 165.
145
What is the remainder when 273462 is divided by 8274?
420
What is the remainder when 173692 is divided by 1085?
92
Calculate the remainder when 81275 is divided by 1227.
293
Calculate the remainder when 415537 is divided by 225.
187
What is the remainder when 1272799 is divided by 106065?
19
What is the remainder when 32836761 is divided by 203955?
6
What is the remainder when 1134044 is divided by 33353?
42
Calculate the remainder when 39257 is divided by 19390.
477
What is the remainder when 20107 is divided by 4011?
52
What is the remainder when 70933 is divided by 772?
681
What is the remainder when 4550250 is divided by 11667?
120
Calculate the remainder when 428742 is divided by 254.
244
What is the remainder when 111422 is divided by 105477?
5945
What is the remainder when 10770395 is divided by 1911?
1910
What is the remainder when 97477 is divided by 3371?
3089
Calculate the remainder when 10660156 is divided by 30.
16
What is the remainder when 1652738 is divided by 23278?
0
Calculate the remainder when 82328 is divided by 905.
878
What is the remainder when 42542 is divided by 70?
52
Calculate the remainder when 1473495 is divided by 8516.
227
Calculate the remainder when 375014 is divided by 62454.
290
What is the remainder when 148337745 is divided by 29727?
15
Calculate the remainder when 148257413 is divided by 110.
73
Calculate the remainder when 717013 is divided by 6289.
67
What is the remainder when 2283815 is divided by 65?
40
Calculate the remainder when 3971004 is divided by 6128.
60
Calculate the remainder when 5343494 is divided by 333965.
54
Calculate the remainder when 147032 is divided by 88.
72
Calculate the remainder when 8185934 is divided by 1684.
10
What is the remainder when 2715460 is divided by 142?
136
What is the remainder when 187556 is divided by 8930?
26
Calculate the remainder when 8723333 is divided by 353.
350
Calculate the remainder when 2712970 is divided by 2712880.
90
What is the remainder when 29465282 is divided by 196?
14
Calculate the remainder when 238 is divided by 236.
2
What is the remainder when 14766960 is divided by 820381?
102
What is the remainder when 1647502 is divided by 27?
16
What is the remainder when 176852 is divided by 88042?
768
Calculate the remainder when 36524 is divided by 1807.
384
What is the remainder when 37086 is divided by 347?
304
Calculate the remainder when 982187 is divided by 599.
426
What is the remainder when 47249 is divided by 613?
48
Calculate the remainder when 652811 is divided by 4271.
3619
Calculate the remainder when 326146 is divided by 46074.
3628
What is the remainder when 26065435 is divided by 69?
64
What is the remainder when 27871 is divided by 566?
137
Calculate the remainder when 185792 is divided by 92878.
36
What is the remainder when 1700907 is divided by 100053?
6
What is the remainder when 8675682 is divided by 84?
78
What is the remainder when 3126 is divided by 1466?
194
Calculate the remainder when 201425 is divided by 8713.
1026
Calculate the remainder when 15594703 is divided by 690.
13
Calculate the remainder when 4314324 is divided by 711.
687
What is the remainder when 47630034 is divided by 24?
18
Calculate the remainder when 1293770 is divided by 5436.
2
What is the remainder when 179408 is divided by 9966?
20
Calculate the remainder when 2453451 is divided by 92.
87
What is the remainder when 7595546 is divided by 20